by 5943.
32
What is the remainder when 3470696 is divided by 72?
8
Calculate the remainder when 2884263 is divided by 21.
18
What is the remainder when 39077 is divided by 641?
617
Calculate the remainder when 1376342 is divided by 809.
233
Calculate the remainder when 84234 is divided by 16707.
699
Calculate the remainder when 31981 is divided by 202.
65
Calculate the remainder when 2925772 is divided by 374.
344
Calculate the remainder when 83649 is divided by 13539.
2415
What is the remainder when 185563 is divided by 61802?
157
Calculate the remainder when 628631 is divided by 80.
71
What is the remainder when 300814559 is divided by 6618?
6605
Calculate the remainder when 20443219 is divided by 1370.
79
What is the remainder when 656897 is divided by 21884?
377
What is the remainder when 84403093 is divided by 1480756?
1
Calculate the remainder when 33578 is divided by 8355.
158
What is the remainder when 10972872 is divided by 121?
108
Calculate the remainder when 18027230 is divided by 1478.
64
Calculate the remainder when 764841 is divided by 63727.
117
What is the remainder when 34030592 is divided by 34030591?
1
What is the remainder when 2072396 is divided by 79707?
14
Calculate the remainder when 2990209 is divided by 99.
13
What is the remainder when 4627232 is divided by 117?
116
Calculate the remainder when 19499629 is divided by 242.
237
What is the remainder when 43014 is divided by 42424?
590
Calculate the remainder when 28124222 is divided by 8.
6
Calculate the remainder when 94820 is divided by 23678.
108
What is the remainder when 30337018 is divided by 1319?
18
What is the remainder when 199349 is divided by 4237?
210
Calculate the remainder when 11573070 is divided by 65.
15
What is the remainder when 18808674 is divided by 150?
24
Calculate the remainder when 1072055 is divided by 373.
53
Calculate the remainder when 1393 is divided by 341.
29
Calculate the remainder when 80477 is divided by 1046.
981
What is the remainder when 416052 is divided by 138?
120
What is the remainder when 34595133 is divided by 10599?
10596
Calculate the remainder when 17546881 is divided by 140.
121
Calculate the remainder when 6573799 is divided by 35.
29
What is the remainder when 358508 is divided by 71604?
488
Calculate the remainder when 11917 is divided by 1325.
1317
Calculate the remainder when 924487 is divided by 8718.
379
What is the remainder when 671097 is divided by 2699?
1745
What is the remainder when 32588 is divided by 813?
68
What is the remainder when 47219368 is divided by 165?
163
What is the remainder when 344155 is divided by 2265?
2140
Calculate the remainder when 296356 is divided by 1830.
1726
What is the remainder when 393065 is divided by 592?
569
What is the remainder when 853390 is divided by 234?
226
Calculate the remainder when 1802703 is divided by 257526.
21
Calculate the remainder when 65490316 is divided by 1190733.
1
Calculate the remainder when 1494738 is divided by 186842.
2
Calculate the remainder when 313480 is divided by 31306.
420
Calculate the remainder when 223333 is divided by 381.
67
Calculate the remainder when 312284 is divided by 92.
36
Calculate the remainder when 31671258 is divided by 10.
8
What is the remainder when 725622 is divided by 11337?
54
What is the remainder when 1522580 is divided by 48?
20
What is the remainder when 8655813 is divided by 1081974?
21
Calculate the remainder when 528057 is divided by 131862.
609
What is the remainder when 38128131 is divided by 22?
19
What is the remainder when 286942 is divided by 31?
6
Calculate the remainder when 1750807 is divided by 70027.
132
Calculate the remainder when 19832437 is divided by 3966486.
7
Calculate the remainder when 19425 is divided by 1786.
1565
What is the remainder when 5269433 is divided by 182?
169
What is the remainder when 3395362 is divided by 127?
17
What is the remainder when 455879 is divided by 455534?
345
What is the remainder when 341441 is divided by 27?
26
Calculate the remainder when 790078 is divided by 35912.
14
What is the remainder when 403126 is divided by 969?
22
What is the remainder when 221692 is divided by 3744?
796
Calculate the remainder when 22816101 is divided by 17.
10
What is the remainder when 759630 is divided by 1651?
170
What is the remainder when 18778444 is divided by 394?
10
What is the remainder when 1389674 is divided by 33087?
20
What is the remainder when 290574 is divided by 290552?
22
What is the remainder when 743625 is divided by 423?
414
Calculate the remainder when 774527 is divided by 379809.
14909
Calculate the remainder when 2548542 is divided by 1274259.
24
What is the remainder when 5621168 is divided by 2393?
11
Calculate the remainder when 197007829 is divided by 2072.
2069
Calculate the remainder when 511748 is divided by 36437.
1630
Calculate the remainder when 988590 is divided by 329315.
645
What is the remainder when 26414542 is divided by 26494?
24
Calculate the remainder when 26849476 is divided by 240.
196
Calculate the remainder when 20363196 is divided by 13.
9
What is the remainder when 2621985 is divided by 39134?
7
Calculate the remainder when 651017 is divided by 216709.
890
What is the remainder when 165717 is divided by 3839?
640
What is the remainder when 1834 is divided by 39?
1
Calculate the remainder when 32651 is divided by 1507.
1004
Calculate the remainder when 405288 is divided by 202191.
906
What is the remainder when 537612 is divided by 39?
36
Calculate the remainder when 7656606 is divided by 19.
5
What is the remainder when 248119377 is divided by 49?
37
What is the remainder when 44936 is divided by 210?
206
What is the remainder when 808382 is divided by 2805?
542
Calculate the remainder when 35109 is divided by 11450.
759
What is the remainder when 6673686 is divided by 1564?
98
Calculate the remainder when 96367 is divided by 8694.
733
Calculate the remainder when 57189 is divided by 14292.
21
What is the remainder when 7360716 is divided by 75?
66
Calculate the remainder when 1089470253 is divided by 276.
273
What is the remainder when 7483453 is divided by 20?
13
What is the remainder when 11872398 is divided by 668?
34
Calculate the remainder when 1072472 is divided by 354697.
8381
What is the remainder when 388884 is divided by 1562?
1508
What is the remainder when 825129015 is divided by 424?
423
Calculate the remainder when 25420 is divided by 1925.
395
Calculate the remainder when 6135324 is divided by 96.
60
What is the remainder when 36235 is divided by 16631?
2973
What is the remainder when 15733116 is divided by 4160?
4156
Calculate the remainder when 2039823 is divided by 3856.
3855
Calculate the remainder when 36017709 is divided by 36.
33
What is the remainder when 4702222 is divided by 15467?
254
Calculate the remainder when 67007720 is divided by 119.
10
Calculate the remainder when 5208006 is divided by 264.
78
What is the remainder when 6264512 is divided by 51?
29
Calculate the remainder when 190997 is divided by 17.
2
Calculate the remainder when 2405229 is divided by 41469.
27
What is the remainder when 176214 is divided by 4099?
4056
What is the remainder when 3638384 is divided by 1212793?
5
Calculate the remainder when 98056 is divided by 13877.
917
What is the remainder when 602342 is divided by 85754?
2064
Calculate the remainder when 1058068 is divided by 19561.
1774
What is the remainder when 49425 is divided by 6674?
2707
What is the remainder when 105887 is divided by 1103?
1102
What is the remainder when 54317874 is divided by 8034?
0
Calculate the remainder when 3072593 is divided by 86.
71
Calculate the remainder when 180808563 is divided by 472.
467
What is the remainder when 1321889 is divided by 330408?
257
What is the remainder when 110977 is divided by 55332?
313
Calculate the remainder when 7421 is divided by 150.
71
Calculate the remainder when 3207628 is divided by 73.
8
What is the remainder when 55022 is divided by 3137?
1693
Calculate the remainder when 48277564 is divided by 6844.
6832
What is the remainder when 72110 is divided by 3?
2
What is the remainder when 39331 is divided by 4877?
315
Calculate the remainder when 127912 is divided by 776.
648
Calculate the remainder when 74337